*x**3 + 9*x**2 + x - 5*x**2 - 4. Let l be p(-3). Suppose s - l = -0*s. What are the prime factors of s?
2
What are the prime factors of (-524 - -450)/((-1)/208)?
2, 13, 37
Suppose 0 = 5*t - 3*v - 7437, 2*v + 2277 = 3*t - 2186. What are the prime factors of t?
3, 5, 11
Let w be (-3 - (-9 - -4)*1) + -2. Suppose 2*t - d - 874 + 75 = w, 3 = d. What are the prime factors of t?
401
Suppose 4*f - 17 = -j, 6 = -f - 2*f + 3*j. Let h be (-3)/(6 - f) - 2. List the prime factors of h/9*-24*1.
2
Suppose -123*i + 366852 = -66*i. What are the prime factors of i?
2, 1609
Let j(n) be the second derivative of n**3/6 + 2*n**2 - 14*n. Let y be j(15). Let q = y - -30. What are the prime factors of q?
7
Suppose -v - 5 = -g - 1, -g = -4*v - 16. What are the prime factors of -4*(-3 + 4) - (-50 - g)?
2, 23
Let i(p) = -811*p + 233. Let c be i(-13). List the prime factors of 156/390 + c/10.
2, 7, 11
Suppose r = -3*r + 2*h - 18, -r + 18 = 4*h. List the prime factors of (-6038)/(-10) - r/10.
2, 151
List the prime factors of 118*(-286)/(-20) + (-174)/435.
7, 241
Suppose -4 = -q + 5*q. Suppose 176 = 407*h - 403*h. What are the prime factors of (3 + h)*q*-1?
47
Suppose -3*z + 4*l = -4361 - 18535, -5*l - 38170 = -5*z. List the prime factors of z.
2, 5, 191
Let o = -1474 + 2174. Let m = o + -394. What are the prime factors of m?
2, 3, 17
Let v(x) = 17*x - 108. Let g = -361 - -373. List the prime factors of v(g).
2, 3
What are the prime factors of (-10)/(-8) - ((-27)/270)/((-8)/(-1785180))?
2, 7, 797
Let x(a) = a**3 - 6*a**2 + 11*a + 4. Let o be x(6). Let d be (120/o)/(9/84). Suppose -3192 - 168 = -d*f. List the prime factors of f.
2, 3, 5, 7
Let f(c) = c - 9. Let w be f(5). List the prime factors of ((-111)/w)/(31/124).
3, 37
Suppose 36*d - 376011 = 5*d - 10*d. What are the prime factors of d?
3, 1019
Suppose 5*x + 3*r = 6*x + 27, -188 = 4*x + 4*r. Let p = 419 + x. What are the prime factors of p?
13, 29
Let i = 275 + -160. Let q = -2070 - -2011. Let f = i - q. What are the prime factors of f?
2, 3, 29
Let x = -173 - -68. Let b = -109 - x. List the prime factors of 41 + -3 + (b - -7).
41
Let u(c) = 5*c + 36. Let d be 7/((1 + 1)*1/(-2)). Let t be u(d). What are the prime factors of (595/34)/(2*t/4)?
5, 7
Let a(v) = 2150*v - 953. What are the prime factors of a(11)?
22697
Suppose -3*n + 1104 = -f, 2*n - 1058 = -2*f - 330. What are the prime factors of n?
367
What are the prime factors of (-18946)/(-2) - (-24)/(-36)*(5 - 8)?
5, 379
List the prime factors of (134444/305)/((-6)/(-15)).
2, 19, 29
Suppose -4*z + 0*z = 5*s + 75, 0 = 3*s + 3*z + 42. Let p(y) = -18*y - 15. Let g be p(s). Let c = 549 - g. List the prime factors of c.
2, 3, 37
Suppose 0 = -2*f - 10, 2*q - 40 = f + 3*f. Let z(k) = -k + 1. Let j be z(-3). List the prime factors of (4/q)/(j/1480).
2, 37
Suppose n - 9 = -0*n. Let d(o) = 22*o + 27. Let c(y) = -22*y - 13. Let h(k) = -3*c(k) - 2*d(k). List the prime factors of h(n).
3, 61
Let r(q) = -17*q**3 + 2*q**2 - q - 2. Let a be r(-1). Suppose 12*x = 15*x + a. What are the prime factors of -13*-3*(-4 + 2)/x?
13
Let n(w) = 2476*w - 38. List the prime factors of n(4).
2, 4933
Let t(j) = -j**3 + 2*j**2 - 4*j + 5. Let h be t(3). Let p = h - -19. Suppose 410 = -p*q + 8*q. List the prime factors of q.
2, 41
Let l = 624 - -182. Suppose b - 134 = 2*f - l, -1680 = -5*f - b. What are the prime factors of f?
2, 3, 7
Let x = 209 - 90. Suppose -x*g = -116*g. What are the prime factors of ((2 - g)/(-6))/(4/(-1956))?
163
Let k be -4 - ((-1 - 6) + -609). Let f = k + -199. What are the prime factors of f?
7, 59
Suppose 2*g + 9*g - g - 62500 = 0. List the prime factors of g.
2, 5
Suppose -18 = -19*m + 10*m. Suppose -m*u - 5*c + 1258 = 0, 0*u - 5*u = -c - 3172. What are the prime factors of u?
2, 317
Let j(v) = 90 + 10*v + 6*v + 86 - 184. What are the prime factors of j(3)?
2, 5
Suppose -736*n = -782*n + 727030. List the prime factors of n.
5, 29, 109
Let v = -6538 + 13282. List the prime factors of v.
2, 3, 281
Let d = 116 + -116. Suppose d = -17*y + 23*y + 24. Let w(x) = 4*x**2 - 3*x - 6. What are the prime factors of w(y)?
2, 5, 7
Let b(d) = d**3 + 8*d**2 + 6*d - 12. Let r be b(-7). Let i(v) = 7*v + 32. Let w be i(r). List the prime factors of ((-41)/w)/(9/54).
2, 41
Suppose 5*i - 2 = 4*i. Suppose -i*q = 68 + 608. Let n = -210 - q. What are the prime factors of n?
2
Let y(u) = -2*u**3 + u**2 + 2*u - 4. Suppose 3*h - 26 = -2*a, -2*h - a = 3*a - 20. Suppose 19 = -5*c + o, 0*c - h = c + 4*o. List the prime factors of y(c).
2, 3, 11
Let h(p) = 2*p**3 + 3*p**2 - 4. Let q = -49 - -52. Let a be h(q). Suppose a = 5*t + 2*t. What are the prime factors of t?
11
Let s = 45 + -42. Suppose -c = -k, -6 = 2*c - s*c - k. Suppose -c*y - 111 = -4*o, 5*o - 154 = -y - 20. List the prime factors of o.
3
Let o(b) = b**2 + b + 334. Suppose 0*t = 4*t - 0*t. Let g be o(t). Suppose -4*k + g + 178 = 4*n, -408 = -3*n + 3*k. List the prime factors of n.
2, 3, 11
Suppose 0 = -3*n - 88*n + 1467011. List the prime factors of n.
7, 47
Let x be 15/(-6) + (-65)/(-10). Suppose -5*p + x*p + 4 = 0. Suppose -p*t + 756 = -4*m, -3*t = -t - m - 380. What are the prime factors of t?
191
Suppose 0 = j + 5 + 1. Let z be (j/(-9) - -1)*(1 - -2). Suppose 53 = z*i - 92. List the prime factors of i.
29
Suppose 5*z - o = 68391, 0 = -5*o - 30. List the prime factors of z.
3, 47, 97
Let q = -123187 + 179189. List the prime factors of q.
2, 28001
Suppose 3*l - 180 = -738. Let c = 822 - l. List the prime factors of c.
2, 3, 7
Suppose -f - 2*o + 15497 = 0, -f = 451*o - 448*o - 15502. What are the prime factors of f?
17, 911
Let d(h) = -3*h + 20. Suppose -4*l = 5*k - 45, -4*l = -5*k + 1 + 4. Suppose -b - 3*t = b + 54, l*b + 93 = 3*t. List the prime factors of d(b).
83
List the prime factors of ((-90)/6)/(6/(-2440)).
2, 5, 61
Let y be ((-18)/(-12) - 2)/(2/(-16)). Suppose -5*l + l + y = 0, 5*j + 571 = l. Let h = -68 - j. List the prime factors of h.
2, 23
Let s be (-3 + 2 - -94) + 2/(-1). Let z = s - -201. What are the prime factors of z?
2, 73
Let j = -2 - -5. Let b(k) = 17*k**2 - 3*k + 3. Let q be b(-1). Suppose -2*z = -q - j. List the prime factors of z.
13
Let k be 45/(-45) + 107*(1 + 34). Suppose -10*i = -i - k. List the prime factors of i.
2, 13
Let m(q) = 90*q**2 - 7*q + 24. Let l be m(3). Suppose -3*a + 2*a = 3*b - 207, l = 4*a - 3*b. List the prime factors of a.
2, 3, 17
Suppose -2*o = t - 6, 58*o = 59*o - 2*t - 8. Suppose o*n - 2654 = -2*y, -2*n - 3*n + 4*y = -3311. What are the prime factors of n?
3, 13, 17
Let x = 137428 - 96104. List the prime factors of x.
2, 10331
Suppose -4*o + 110 = 2*n, -o + 2*n = 4*n - 29. Suppose o*t = -1943 + 10934. What are the prime factors of t?
3, 37
Let n(g) = 287*g**2 + 2339*g - 2. What are the prime factors of n(-9)?
2, 1097
Let t = 633 - -195. Let v = -701 + t. What are the prime factors of v?
127
Let l(o) = -554*o**3 + 276*o**3 + o + 277*o**3 - 49 - 9*o**2. What are the prime factors of l(-10)?
41
Let b(f) = -f**3 - 10*f**2 - 15*f - 27. Let h be b(-11). Suppose -3 = -3*i, -2*s + h = -4*i - 79. What are the prime factors of s?
3, 19
Let z be (60/8)/(27/18). Suppose z*l = -3*c + 1449, -491 = -2*l - c + 88. List the prime factors of l.
2, 3
Let w = 26098 - -16372. What are the prime factors of w?
2, 5, 31, 137
Suppose -14 = 6*j - 7*j. Let c(z) = 17*z + 15. Let a be c(j). Let x = 354 - a. List the prime factors of x.
101
Let z = 42940 - 25192. List the prime factors of z.
2, 3, 17, 29
Let z = 5 + 85. Let f = 445 - 437. Suppose -f*i = 2 - z. What are the prime factors of i?
11
Let j(w) = 9*w**2 - 13*w + 13. Let z be j(13). Suppose 22*l = 15*l + z. Suppose -2*d - l = -543. What are the prime factors of d?
2, 3, 29
Let t be 5 + 18*(-1 - -2)*-30. Let m = t - -1442. List the prime factors of m.
907
Let t(u) = -u**3 + 4*u**2 + 106*u - 135. List the prime factors of t(-22).
67, 151
Let x(k) be the third derivative of k**5/60 - k**4/4 - k**3 + 14*k**2. Let h be x(-3). Let q(n) = 4*n + 19. List the prime factors of q(h).
103
Suppose 2*n = 5*s - 55993, -41186 = -3*s + n - 7590. List the prime factors of s.
3, 3733
Let j(z) = -5*z - 83. Let w be j(-17). List the prime factors of w/(-3) - 41072/(-102).
2, 3, 67
Let m(i) = -155*i**3 - 4*i**2 - 31*i - 2. List the prime factors of m(-4).
2, 3, 1663
Let g(z) = 3*z 